{"id":7494,"date":"2022-01-17T20:59:38","date_gmt":"2022-01-17T19:59:38","guid":{"rendered":"https:\/\/www.violetaborruel.com\/7494-2\/"},"modified":"2022-01-18T15:04:49","modified_gmt":"2022-01-18T14:04:49","slug":"7494-2","status":"publish","type":"page","link":"https:\/\/www.violetaborruel.com\/en\/7494-2\/","title":{"rendered":""},"content":{"rendered":"\n<p><\/p>\n\n<div style=\"height:32px\" aria-hidden=\"true\" class=\"wp-block-spacer\"><\/div>\n\n<div style=\"height:64px\" aria-hidden=\"true\" class=\"wp-block-spacer\"><\/div>\n\n<h2 class=\"has-text-align-center\">Company<\/h2>\n\n<div style=\"height:20px\" aria-hidden=\"true\" class=\"wp-block-spacer\"><\/div>\n\n<p>Violeta Borruel was born in Huesca, where her curiosity and interest in physical movement began, training in classical and contemporary dance. She continues her development in different schools in Zaragoza, and in the Reina Sof\u00eda Dance Conservatory in Granada. Later, she entered at the Higher Conservatoire of Dance &#8220;Mar\u00eda de \u00c1vila&#8221; in Madrid, where she studied contemporary dance pedagogy. During her artistic training, she obtained the dance training certificate for Parkinson&#8217;s &#8220;Dance for PD\u00ae, Mark Morris Dance Group&#8221;, and at the same time she obtained a degree and a doctorate in Geology with a distinction &#8220;<em>cum laude<\/em>&#8221; by unanimity from the Complutense University of Madrid.<\/p>\n\n<p>In her professional experience, she participates as a choreographer and performer in various theaters on the national scene, in the Periferias Festival 2019 and 2017 (Huesca), International Festival of Performing Arts Nocte (Graus) 2019 and 2012, IX Edition Danza y Ciudad 2019 (Huesca), XV Winter Harvest Arts Show 2019 (Hoya de Huesca), Sal a Remolinos 2019 (Remolinos, Zaragoza), \u201cMicrob\u00edo, poetry of Patios and Rooftops\u201d in 2017, within the Festival Periferias 18.0, and 2018 (Huesca). She is an artist-in-residence at the Larr\u00e9s Festival &#8220;G\u00fcestival&#8221; 2012, is part of the Algorines (Graus) 2012 Artistic Residency Program, and enjoys a PATRIM+ cross-border residency (2019). She also participates in various performances in alternative spaces, museums and art galleries (Museo Reina Sof\u00eda 2016 and Galer\u00eda Orfila 2019, Madrid). <\/p>\n\n<div style=\"height:100px\" aria-hidden=\"true\" class=\"wp-block-spacer\"><\/div>\n","protected":false},"excerpt":{"rendered":"<p>Company Violeta Borruel was born in Huesca, where her curiosity and interest in physical movement began, training in classical and contemporary dance. She continues her development in different schools in Zaragoza, and in the Reina Sof\u00eda Dance Conservatory in Granada. [&hellip;]<\/p>\n","protected":false},"author":1,"featured_media":7031,"parent":0,"menu_order":1,"comment_status":"closed","ping_status":"closed","template":"page-split.php","meta":[],"_links":{"self":[{"href":"https:\/\/www.violetaborruel.com\/en\/wp-json\/wp\/v2\/pages\/7494"}],"collection":[{"href":"https:\/\/www.violetaborruel.com\/en\/wp-json\/wp\/v2\/pages"}],"about":[{"href":"https:\/\/www.violetaborruel.com\/en\/wp-json\/wp\/v2\/types\/page"}],"author":[{"embeddable":true,"href":"https:\/\/www.violetaborruel.com\/en\/wp-json\/wp\/v2\/users\/1"}],"replies":[{"embeddable":true,"href":"https:\/\/www.violetaborruel.com\/en\/wp-json\/wp\/v2\/comments?post=7494"}],"version-history":[{"count":6,"href":"https:\/\/www.violetaborruel.com\/en\/wp-json\/wp\/v2\/pages\/7494\/revisions"}],"predecessor-version":[{"id":7525,"href":"https:\/\/www.violetaborruel.com\/en\/wp-json\/wp\/v2\/pages\/7494\/revisions\/7525"}],"wp:featuredmedia":[{"embeddable":true,"href":"https:\/\/www.violetaborruel.com\/en\/wp-json\/wp\/v2\/media\/7031"}],"wp:attachment":[{"href":"https:\/\/www.violetaborruel.com\/en\/wp-json\/wp\/v2\/media?parent=7494"}],"curies":[{"name":"wp","href":"https:\/\/api.w.org\/{rel}","templated":true}]}}

<p></p>

<div style="height:32px" aria-hidden="true" class="wp-block-spacer"></div>

<div style="height:64px" aria-hidden="true" class="wp-block-spacer"></div>

<h2 class="has-text-align-center">Company</h2>

<div style="height:20px" aria-hidden="true" class="wp-block-spacer"></div>

<p>Violeta Borruel was born in Huesca, where her curiosity and interest in physical movement began, training in classical and contemporary dance. She continues her development in different schools in Zaragoza, and in the Reina Sofía Dance Conservatory in Granada. Later, she entered at the Higher Conservatoire of Dance &#8220;María de Ávila&#8221; in Madrid, where she studied contemporary dance pedagogy. During her artistic training, she obtained the dance training certificate for Parkinson&#8217;s &#8220;Dance for PD®, Mark Morris Dance Group&#8221;, and at the same time she obtained a degree and a doctorate in Geology with a distinction &#8220;<em>cum laude</em>&#8221; by unanimity from the Complutense University of Madrid.</p>

<p>In her professional experience, she participates as a choreographer and performer in various theaters on the national scene, in the Periferias Festival 2019 and 2017 (Huesca), International Festival of Performing Arts Nocte (Graus) 2019 and 2012, IX Edition Danza y Ciudad 2019 (Huesca), XV Winter Harvest Arts Show 2019 (Hoya de Huesca), Sal a Remolinos 2019 (Remolinos, Zaragoza), “Microbío, poetry of Patios and Rooftops” in 2017, within the Festival Periferias 18.0, and 2018 (Huesca). She is an artist-in-residence at the Larrés Festival &#8220;Güestival&#8221; 2012, is part of the Algorines (Graus) 2012 Artistic Residency Program, and enjoys a PATRIM+ cross-border residency (2019). She also participates in various performances in alternative spaces, museums and art galleries (Museo Reina Sofía 2016 and Galería Orfila 2019, Madrid). </p>

<div style="height:100px" aria-hidden="true" class="wp-block-spacer"></div>

<p>Company Violeta Borruel was born in Huesca, where her curiosity and interest in physical movement began, training in classical and contemporary dance. She continues her development in different schools in Zaragoza, and in the Reina Sofía Dance Conservatory in Granada. [&hellip;]</p>
